10
Let l(a) = a**3 + 17*a**2 - 3198*a - 48017. Calculate l(-15).
403
Let a(m) = m**3 - 40*m**2 + 84*m - 1435. Give a(39).
320
Let n(v) = -2*v**3 - 5*v**2 + 94*v - 177. Determine n(4).
-9
Let l(f) = 37*f**2 - 11*f + 35. Determine l(3).
335
Let k(f) = -2887*f - 4551. What is k(-2)?
1223
Let v(u) = 3*u**2 - 21252*u - 1545707. What is v(-72)?
-11
Let u(a) = 2*a**3 - 231*a**2 - 111*a - 653. Calculate u(116).
-73
Let i(a) = -2*a**2 + 737*a + 19743. Give i(-25).
68
Let q(g) = -g**3 - 227*g**2 + 483*g + 5732. What is q(-229)?
7
Let z(o) = o**2 + 790*o - 53731. What is z(63)?
8
Let s(q) = q**3 + 37*q**2 + 508*q + 20857. Determine s(-38).
109
Let s(z) = -5*z**3 - 638*z**2 + 243*z - 1651. Calculate s(-128).
13
Let z(m) = 2447*m + 2533. What is z(-1)?
86
Let c(b) = -1456492*b - 10195416. Give c(-7).
28
Let y(o) = 7857*o - 392717. Calculate y(50).
133
Let h(p) = -p**3 - 177*p**2 - 1556*p - 275822. Give h(-177).
-410
Let t(p) = -p**3 - 5*p**2 + 13*p - 18. What is t(-5)?
-83
Let m(n) = 5*n**3 + 214*n**2 + 164*n - 166. Determine m(-42).
2
Let q(j) = 1176*j - 8192. Give q(7).
40
Let q(s) = 2295*s - 9152. What is q(4)?
28
Let a(r) = 10*r**2 + 1238*r - 346241. What is a(-258)?
-5
Let j(w) = -91623*w - 77054941. Give j(-841).
2
Let u(q) = -19372*q - 1317308. What is u(-68)?
-12
Let i(a) = a**3 + 84*a**2 - 346*a + 826. Determine i(-88).
298
Let i(d) = 93*d - 2281. What is i(17)?
-700
Let g(c) = -163*c - 20827. What is g(-128)?
37
Let i(x) = 18*x**3 - 647*x**2 - 47*x + 253. Determine i(36).
-143
Let k(v) = 2*v**3 + 4*v**2 + 4873*v + 24357. Determine k(-5).
-158
Let p(k) = -50*k**2 - 1527*k + 37. Calculate p(-30).
847
Let m(t) = -4*t**3 + 2*t**2 + 172*t - 22. What is m(6)?
218
Let x(q) = -4*q**3 - 71*q**2 + q - 164. Calculate x(-18).
142
Let n(i) = 3*i**2 - 6*i + 2. Determine n(5).
47
Let x(f) = -3*f**2 - 32*f + 180. Give x(5).
-55
Let h(i) = -25610*i - 102461. What is h(-4)?
-21
Let p(r) = -915*r + 134497. Calculate p(147).
-8
Let v(c) = 2*c**3 + 412*c**2 + 1225*c + 1337. What is v(-203)?
-84
Let f(d) = d**2 + 359*d - 12348. What is f(32)?
164
Let n(z) = -983*z + 86756. Give n(88).
252
Let y(l) = -l**3 - 81*l**2 + 1002*l + 8696. What is y(-6)?
-16
Let j(x) = -8*x**3 + 54*x**2 + x + 33. What is j(6)?
255
Let v(z) = 2*z**2 - 553*z + 15214. What is v(31)?
-7
Let w(v) = -117*v**2 + 3846*v - 134. What is w(33)?
-629
Let q(h) = 8*h**3 + 20*h**2 + 102*h + 24. What is q(-6)?
-1596
Let d(p) = p**2 + 91*p - 1316. What is d(-104)?
36
Let x(d) = -1121*d - 56508. Determine x(-51).
663
Let d(x) = 2*x**3 - 100*x**2 - x + 12. Calculate d(50).
-38
Let g(c) = -77*c**3 + 611*c**2 + 39*c + 1. Calculate g(8).
-7
Let m(z) = 207924*z - 3326785. What is m(16)?
-1
Let x(m) = 16*m**2 + 3361*m - 6922. Determine x(-212).
-350
Let c(l) = 300*l + 3292. Give c(-11).
-8
Let c(h) = 2*h**2 + 1137*h + 2279. Calculate c(-2).
13
Let j(z) = 3176*z + 35415. Calculate j(-11).
479
Let s(o) = -2433*o - 58. What is s(-1)?
2375
Let k(f) = f**2 - 230*f + 9387. Calculate k(177).
6
Let c(y) = 21*y + 1213. Determine c(41).
2074
Let z(i) = 4*i**3 - 110*i**2 + 766*i - 122. Calculate z(14).
18
Let f(q) = 1273*q + 551214. What is f(-433)?
5
Let k(r) = 6751*r - 98. Give k(0).
-98
Let p(q) = -23315*q - 885977. Calculate p(-38).
-7
Let q(x) = -x**3 + 6*x**2 - 1172*x + 4654. Give q(4).
-2
Let r(y) = 4*y**2 + 98*y + 465. Give r(-16).
-79
Let t(d) = 10*d**3 - 3031*d**2 + 12258*d + 316. Calculate t(299).
17
Let n(q) = q**2 + 4024*q - 822696. What is n(195)?
9
Let r(x) = -64209*x + 192633. Calculate r(3).
6
Let w(r) = -3*r**3 + 70*r**2 - 85*r - 632. What is w(21)?
670
Let m(q) = q**2 - 80435*q - 965291. Calculate m(-12).
73
Let h(w) = -118*w - 15156. Determine h(-130).
184
Let c(t) = -55*t**2 + 672*t - 2013. Give c(6).
39
Let q(c) = 22895*c + 22860. What is q(-1)?
-35
Let l(f) = 4*f**2 + 12202*f - 557188. Give l(45).
2
Let j(c) = -c**2 + 209*c + 3658. What is j(-16)?
58
Let l(m) = m**3 + 108*m**2 + 799*m - 712. Give l(-100).
-612
Let t(k) = -11637*k + 5. Calculate t(0).
5
Let c(h) = -h**3 - 60*h**2 + 127*h + 335. Give c(-62).
149
Let m(s) = 77*s + 713. Calculate m(-19).
-750
Let w(s) = s**3 - 37*s**2 - 32*s + 3551. Calculate w(35).
-19
Let l(w) = -381800*w - 1527197. Calculate l(-4).
3
Let z(u) = -11067*u + 21849. Give z(2).
-285
Let m(c) = -1029*c + 168752. Determine m(164).
-4
Let i(w) = -w**3 - 9*w**2 - 105*w - 635. Calculate i(-7).
2
Let v(h) = 190437*h - 130. What is v(0)?
-130
Let h(d) = -d**3 - 243*d**2 - 4039*d - 44513. What is h(-226)?
9
Let k(s) = -11*s**2 + 197*s + 1166. Determine k(-6).
-412
Let p(z) = -2*z**2 + 57*z - 386. Give p(7).
-85
Let w(n) = -3*n**3 + 732*n**2 + 2212*n + 2587. Determine w(247).
-130
Let d(k) = -k**3 - 31*k**2 + 145*k + 4156. Give d(-27).
-2675
Let p(u) = 201*u - 977. What is p(4)?
-173
Let r(q) = 566*q**3 + 9576*q**2 - 786*q - 43. Give r(-17).
25
Let w(x) = -x**3 - 18*x**2 + 1481*x + 67. Determine w(30).
1297
Let c(v) = -10343*v + 858498. What is c(83)?
29
Let g(n) = -1333*n - 12005. Give g(-9).
-8
Let g(s) = 1242581*s - 84495504. Calculate g(68).
4
Let y(r) = 1138*r**2 - 14889*r + 14889. What is y(1)?
1138
Let z(d) = d**3 + 750*d**2 - 5602*d - 3081699. What is z(-752)?
-3
Let f(v) = -121*v**2 - 2521*v + 20138. Calculate f(-27).
-4
Let b(c) = -113778*c + 113841. What is b(1)?
63
Let g(s) = 3*s**2 + 512*s + 5965. What is g(-12)?
253
Let t(h) = -h**2 - 117*h - 308. What is t(-6)?
358
Let u(b) = 45*b**2 + 1595*b + 266. What is u(-36)?
1166
Let y(f) = f**3 - 28*f**2 - 139*f + 247. What is y(32)?
-105
Let s(w) = 596921*w - 2984620. Calculate s(5).
-15
Let f(s) = -5662*s + 17920. Determine f(3).
934
Let j(m) = -22*m**2 - 955*m - 354. Give j(-41).
1819
Let b(p) = 11633*p - 11359. Calculate b(1).
274
Let t(c) = -209*c**2 - 762*c - 560. Calculate t(-2).
128
Let g(l) = -2*l**3 + 49*l**2 - 84*l + 227. What is g(23)?
-118
Let a(t) = -1093*t - 115265. Determine a(-106).
593
Let l(j) = -41*j**2 - 871*j + 1587. Give l(-23).
-69
Let k(w) = -12228*w - 354638. Determine k(-29).
-26
Let n(v) = 34*v**2 + 2259*v + 15894. Calculate n(-8).
-2
Let p(z) = 154664*z + 1237316. Calculate p(-8).
4
Let q(j) = -18826*j - 1298986. Determine q(-69).
8
Let f(o) = 3*o**2 - 19778*o - 98888. Determine f(-5).
77
Let x(c) = 6*c**3 + 20*c**2 + 6*c + 10. Calculate x(-6).
-602
Let q(k) = -2*k**2 - 44667*k + 357463. Give q(8).
-1
Let c(h) = 4529*h + 184947. Calculate c(-41).
-742
Let f(l) = -l**2 + 49*l - 736. Determine f(29).
-156
Let s(i) = -2*i**3 + 454*i**2 - 353*i - 22266. What is s(226)?
108
Let n(i) = 102*i - 3896. Calculate n(55).
1714
Let r(x) = -391569*x + 5873534. What is r(15)?
-1
Let b(o) = o**3 + 37*o**2 + 764*o + 5236. Determine b(-11).
-22
Let r(x) = x**3 - 47*x**2 - 878*x + 379. Determine r(61).
-1085
Let j(v) = -9957*v + 916029. Determine j(92).
-15
Let x(p) = 14*p**2 + 31475*p - 853130. Determine x(-2275).
-5
Let g(u) = -192192*u + 1345289. Calculate g(7).
-55
Let p(d) = 2*d**3 + 171*d**2 + 111*d + 3679. Give p(-85).
1469
Let v(h) = 2*h**2 + 1601*h - 2672264. Calculate v(823).
17
Let g(z) = 514315*z + 3600211. What is g(-7)?
6
Let b(n) = -455*n**3 + 10*n**2 - 160*n + 310. Calculate b(2).
-3610
Let l(v) = -24*v**2 - 1158*v + 4867. Calculate l(-52).
187
Let q(k) = 7*k**3 - 77*k**2 - 1640*k + 1717. Determine q(1).
7
Let m(k) = -k**3 - 27*k**2 - 109*k + 49. Give m(-22).
27
Let i(w) = 116*w + 1644. Give i(-15).
-96
Let t(j) = -j**3 - 3*j**2 + 100*j + 406. Give t(-9).
-8
Let s(m) = -27505*m - 82498. Determine s(-3).
17
Let j(p) = -41*p**2 - 108*p + 8742. Determine j(-16).
-26
Let k(p) = 2*p**2 + 577*p - 41832. Determine k(60).
-12
Let v(r) = 136*r**3 - 1273*r**2 - 870*r - 18. What is v(10)?
-18
Let y(r) = -40290*r + 402785. Calculate y(10).
-115
Let v(t) = t**3 + 5*t**2 - 13*t - 51. Give v(6).
267
Let c(z) = 2*z**2 + 150*z + 2469. What is c(-53)?
137
Let q(y) = -189*y**2 + 10658*y - 31962. Give q(3).
-1689
Let o(x) = -1285*x + 11558. Calculate o(9).
-7
Let j(y) = -5*y**3 + 19*y**2 + 4*y - 58. What is j(-7)?
2560
Let t(o) = -o**3 + 5*o**2 - 60*o + 118. Give t(5).
-182
Let d(z) = z**3 + 77*z**2 + 616*z + 287. What is d(-68)?
15
Let b(v) = -v**2 + 432*v - 37669. What is b(127)?
1066
Let x(i) = 15*i**2 - 195*i + 1165. Determine x(8).
565
Let f(r) = -20088*r + 3314503. Determine f(165).
-17
Let l(i) = 10724*i - 51475